e 29 + 19 + -44 + 22 + (-1 - 1) + -8.
16
What is 5 - (103 + -69) - -1?
-28
What is (-4 - (9 + -22)) + (0 - 9) + (33 - -4)?
37
What is the value of -59 + -13 - (-239 + 111)?
56
Evaluate 21 - 5 - (-466 - -503).
-21
What is (6 - (14 - 0)) + (2 - (-6 - 13))?
13
Calculate 17 + -1 - (111 + -134).
39
What is 73 - (-96 + 138) - -92?
123
Calculate -18 + (-18 + -3 - (-99 + 76)).
-16
What is -105 - -118 - 231 - -124?
-94
Calculate 7 + 7 - (26 - (23 + -38)).
-27
Calculate -4 + (7 - (35 + 51)) + (-2 - -17).
-68
Evaluate ((-45 - (-24 + -3)) + 8 - (-14 - -2)) + 84.
86
Evaluate -2 + -7 + (70 + -135 - (-2 + -4)).
-68
Evaluate 62 - 0 - (-19 + (18 - 25 - -38)).
50
What is the value of 7 + -8 + 45 + 44 + (-3 - (-3 + 0))?
88
What is the value of -18 - (-16 + (-8 + (6 - 16) - -30))?
-14
Evaluate 145 + (-48 - 51) + -120.
-74
What is (1 - -5) + (-8 - -1) + -359 + 383 + 11?
34
-7 + -107 + -38 + 104
-48
What is the value of -3066 + 3075 - (-5 + (2 - 0) + -10)?
22
What is -22 + 2 - (-25 - (-32 - 8) - -3)?
-38
-32 + 4 - (-111 - (-28 + -45))
10
(-96 - -119) + -18 + -1 + 0 + -75
-71
Calculate -31 + (-8 - ((-6 - (5 + -6)) + 5)).
-39
What is the value of -2597 + 2633 - (155 + 3 + -2)?
-120
What is the value of 11 + -29 + (29 - (-20 + 14))?
17
What is -15 + 2 + (-15 - (-5 + -22 + 15) - -116)?
100
Evaluate -1 + -8 + (65 + -1 - 8) + (1 - 0).
48
What is the value of (121 - 51) + -42 + (-18 - 1)?
9
Evaluate 59 + (-30 + -40 - -39).
28
(8 - -3) + (21 - 48 - -32)
16
What is the value of -1 + -16 + (-135 + 197 - -11)?
56
29 - (101 - 81 - -112)
-103
1 + (46 - 38 - -21)
30
What is 13 - (-56 - (-1 - ((-1 - -14) + -18 - -7)))?
66
-3 - 4 - (-4 - 0) - 1 - -43
39
Calculate 1 + -44 + -885 + 923 - (-1 - -36).
-40
-21 - (-9 + -26) - (0 - -27)
-13
Evaluate 3046 - 3028 - (39 - 0).
-21
-3 - 64 - (804 - 850)
-21
What is (4 - 3 - (71 - 71)) + -24?
-23
Calculate -8 - (7 - (-1 + (72 - (1 + -7)))).
62
Calculate 2 - (50 - 1) - (10320 - 10287).
-80
What is 137 + (-44 - 97) + 3 + 51 + (-2 - -3)?
51
Evaluate -35 + 24 + (-32 - -49).
6
What is the value of 0 + (-16 - 0) + (3 - 4) + (1919 - 1929)?
-27
Calculate -26 - (-2 - 1) - (1440 + -1452).
-11
Calculate -32 - ((-8 - (3 + (-9 - 1))) + 6).
-37
-13 + (-4 - -6 - (24 + 39)) + 11
-63
Evaluate -3 + 3 + (-12 - (-4 + 3)) - 2.
-13
Calculate 7 + -15 + 9 + -7 - (2 + -6 + 3).
-5
(-55 - -1) + 1610 + -1515
41
-66 + -6 - ((3 - 19 - -13) + 13 - 10)
-72
Evaluate -8 - (-247 + 168 - (3 + -23) - 6).
57
What is the value of 1 + -24 - (-41 + -3 + 32) - -5?
-6
((3 - 33) + 22 - 25) + (6 - (25 + -6))
-46
What is the value of 2 + -13 + 1 + (47 - -32) + 43 + -35?
77
95 + -23 + (39 - 155)
-44
Evaluate 86 - (40 - -3) - 12.
31
What is the value of -47 + 113 + (-34 - 5)?
27
What is -41 + (5 - -5 - 3 - (-15 - -22)) - 7?
-48
What is the value of 20 + -12 - (0 - 1) - (-487 - -418)?
78
Evaluate 107 - (244 - 109 - 36).
8
Evaluate 15 + (11 - 4 - 19) + -60 + 1.
-56
Evaluate (-128 - -58) + (22 - 6).
-54
134 + -149 + (10 - (9 + -2)) + -37
-49
Evaluate -93 - (-410 + 139 - -52).
126
(-6 - -19) + (-3 - 6) - 1 - -1
4
4 + 1 + -11 - (13 + (3 - 5))
-17
Calculate -18 + (44 - 71) + 35.
-10
3 + 6 + (-41 - (100 - 70))
-62
Evaluate -640 + 624 - (-1 + 5).
-20
Evaluate -12 - (-11 + -5 - (6 + 1 + -7 - 10)).
-6
Evaluate -10 - (0 + -3 - (-31 - -27)) - -2.
-9
What is -96 + (136 - (40 - -28))?
-28
2 + 6 + (16 + 2 - 3) + -2 + -1
20
25 + 3 + (-6 - (41 - 44)) + (4 - 6)
23
Evaluate 5 + (-68 - -68) + (2 - 0 - 0).
7
-9 - 0 - -49 - (22 + -11)
29
What is (1 - 23) + (-40 + 99 - 60) + -11?
-34
Calculate (0 - -1) + 0 - 9 - (-5552 - -5485).
59
Evaluate 3 - ((5 + -6 - -95) + (-14 - -15 - -10)).
-102
206 + -197 + (1 + 1 - 18) + (-16 - -9)
-14
Evaluate -24 + 0 - ((17 - (-19 - -19)) + -25).
-16
Evaluate -132 - (-26 + (76 - 263)).
81
What is 63 - 0 - (-2407 - -2460)?
10
Evaluate -52 + (52 - 32) + -31.
-63
What is the value of -758 + 841 - (-4 + 52)?
35
(14 - 0) + -23 - (2 + -9 + 12 + -13)
-1
Calculate (-5 - (22 - 4)) + 26 + 37.
40
What is the value of -8 + (10 + -2 - (21 + -20 + 2 - 59))?
56
18 - ((1066 - 1040) + (-1 - 50))
43
What is (9 - -5) + (3 - 1) + 6 + -12?
10
What is 44 - (5 - (-16 + (-20 - -17)))?
20
-234 - -213 - (-21 - -1) - -60
59
Calculate -166 + -37 + 95 - -63.
-45
(0 + 5 - 4 - (2 + -11)) + 11
21
Calculate 79 + 10 + -3 - (-8 - (4 + -15) - -2).
81
What is the value of (17 - (0 + 2) - 3 - (-4 - 36)) + -5?
47
Evaluate (-3 - (-51 + -4)) + (-44 - (-1 + -48)).
57
Evaluate 6 + 32 + -8 + -39.
-9
Evaluate -519 + 448 - (2 + -47).
-26
Calculate (-6 - 0 - ((14 - 36) + 10)) + -10 - -7.
3
What is the value of -34 - (-42 - -8) - (1 - -2)?
-3
What is 22 + (-49 - (14 - 35))?
-6
Evaluate 7 + 1 + (2020 + -2075 - (-2 + -39)).
-6
What is the value of (-4 + 2 - (-103 - -2)) + (-824 - -810)?
85
What is the value of (3 - (-4 - (15 + -27))) + -7?
-12
What is 7 + -30 + -110 + 9 - -23?
-101
Calculate -3 - (2 - (-4 + 1)) - (100 - (161 - 65)).
-12
What is the value of 46 - ((-16 - -3) + (12 - 13))?
60
What is (5 - 51) + (6 + -7 - (3 - 12) - 7)?
-45
What is -14 + -18 + 31 + -45 + 3?
-43
What is the value of (18 - 10) + 8 + -23 - -3 - -19?
15
Evaluate 5 + -13 + 9 + 12 + -14 - -4.
3
Evaluate -7 - -5 - (-4 + -42) - -39.
83
(1714 - 1717) + 0 + 60
57
What is (9 + (-6 - 11) - 6) + (0 - 16)?
-30
What is (2 + 0 - -1) + (9 + 15 - (-30 + -5))?
62
What is the value of (2 + 9 - (81 + -31)) + -5 + -6?
-50
Evaluate -299 + 283 - ((10 - (5 - 2)) + -54).
31
Evaluate 8 + (8 + 2 - (54 + -25 + -16)).
5
(-19 - 53) + 28 + 96
52
What is the value of (-24 - (-21 - (-5 + 10))) + 21 + 1?
24
What is 3 - (18 - 26) - (-8 + -12)?
31
What is the value of 6 - 29 - -34 - (5 + -5 - -1) - 16?
-6
What is 1 + 3 - (132 - (9 - -15))?
-104
(1814 - 1842) + 5 + -15 + 4
-34
(15 + -12 + -13 - (4 + -3 + 0)) + -43
-54
What is 18 - 5 - 0 - (58 + (0 - 14))?
-31
What is the value of 13 + -30 - (-67 - -40) - 48?
-38
Calculate -45 + (14 + -113 - -66).
-78
Evaluate -36 - (-263 - -147 - -121).
-41
1 - 0 - ((-93 + 84 - (-67 + -1)) + 1)
-59
Calculate (840 - 824) + 1 + 8 - (1 - 0).
24
-24 + 68 + -26 + -17
1
Calculate (42 - -6) + (180 - 187 - (0 + (-14 - 0))).
55
What is the value of (-4 - -57) + -2 - (678 + -707)?
80
What is the value of 50 - (-8 - (-1 + 0 + -13 + 4))?
48
Calculate -12 + 83 + 19 + -59.
31
Calculate (112 - 59) + -19 - 54.
-20
-16 + (-1 - 0) + (42 - 35) + 3
-7
Calculate -7 - (-89 - (-47 - 56)).
-21
What is -45 + (-3 - 1 - (53 - 26))?
-76
Evaluate (-71 - (14 - 68)) + 49.
32
-11 + 30 - (-72 - -114)
-23
Evaluate -20 + (124 + -1 - (-3 - (-57 + 34))).
83
Calculate (3 + -1 - -14) + 72 + (-20 - -5).
73
(7 - (6 + -1) - -83) + -4 - (-127 + 119)
89
Calculate 11 + -6 + 4 + 21 + (-21 - -48) + 6.
63
What is -79 - (-92 + 141 + -68)?
-60
Calculate (21 + -6 + 2 - 49) + -42.
-74
Calculate 7 + 12 + -1 + 7 + -15 + -46.
-36
Calculate 120 + -2 + 3 + 24 + -51.
94
Calculate (-2 - ((-3 - -2) + 4 + -5)) + 2.
2
Evaluate 5 - (8 + -54 - (3 + (2 - 7))).
49
What is -33 + -328 + 332 + (-1 - -5)?
-25
What is 161 + -39 + (356 - 377)?
101
-17 + (-187 - -119 - -65)
-20
Evaluate (-65 + 83 - (0 + (-26 - 4))) + 14.
62
What is 2 - 1 - (-44 + 8 - -1) - (21 - 9)?
24
What is 18 - ((27 - 7) + (-9 - -17 - (2 - -18)))?
10
-471 + 515 + -2 + -102
-60
Calculate 85 + ((22 - 13) + 0 + -3 - 16).
75
6 + (9 + -30 - -53)
38
What is -27 - (55 - (-45 - -109))?
-18
Evaluate 22 - 3 - 3 - (44 - 10 - 32).
14
What is the value of 148 + 30 + -59 + 30 + -7?
142
Calculate 12 - 19 - (5 + -6 + 4 - 7 - -51).
-54
20 + -2 - 33 - -9 - 44
-50
Calculate 129 - (-7 - ((-11 - -5) + -13) - (-2 + 6)).
121
Evaluate 553 + -574 - (-1 - (1 - -20)).
1
-16 + (-988 - -1009) + 7 + 1
13
Evaluate 2 - 58 - (8 + 2 - -10).
-76
Calculate -2 + -11 - ((-57 - (-33 - -7)) + 14).
4
13 + 7351 + -7335 + -1 + -1 + 1
28
(5 - -10) + (-9 - (-21 + 7 + -2) - 16)
6
-26 - ((-80 - -159) + -160)
55
What is -26 + (-7 - (-1 + 1 + (100 - 95)))?
-38
Evaluate 3 + (2 - 28) + (47 - (-8 + 50)).
-18
Calculate -5 + -16 + (10 - -1 - -36).
26
Calculate 0 + -55 - (10837 + -10893) - (-32 + 0 + -1).
34
What is -44 - (-3 + -59 + 50)?
-32
What is the value of (-132 - -67 - -26) + 58?
19
Evaluate -22 + -1 - (8 + 15 + (-39 - -9)).
-16
Evaluate 72 + -52 + -4 + -10 - (13 + -1).
-6
-22 + 100 - (17 - ((-4 - (4 - 14)) + 3))
70
3 + -4 + 4 + 46 + (30 - 62)
17
1 + (26 - 4) + -3 - -14
34
What is the value of -1 + 